inder when u is divided by 34?
31
Let r(v) = 6*v**2 + 34*v - 10. What is the remainder when r(-8) is divided by 15?
12
Let c(k) = -k**2 - 7*k - 5. Let h be c(-4). Let b(y) = -y**3 + 7*y**2 + 10*y - 9. Calculate the remainder when b(h) is divided by 16.
13
Let n = -65 + -4. What is the remainder when ((-4)/(-6))/((-2)/n) is divided by 13?
10
Let g = -3 + 2. Let q = 18 - 7. Calculate the remainder when (-31)/(g + -1 + 1) is divided by q.
9
Let f = -7 + 25. Suppose 5*z + u = 30, -3*z - 15 = -7*z + u. Suppose 96 = -m + 4*m - b, b = -z*m + 168. What is the remainder when m is divided by f?
15
Suppose -5*o = -5*s + 195, 0*s + 5*o = s - 19. What is the remainder when s is divided by 23?
21
Let l(f) = f**3 - 3*f**2 - 2*f + 10. Calculate the remainder when l(6) is divided by 27.
25
Let v = -65 - -109. What is the remainder when v is divided by 12?
8
Let o(t) = -2*t**2 + t. Let m be o(-1). Let n = 8 + m. Suppose -g - 2 = u, 4*g + 11 + 9 = 0. Calculate the remainder when n is divided by u.
2
Let f(s) = -s**2 + 2*s + 1. Let y be f(3). Let x = y - -13. Let w = -31 - -52. What is the remainder when w is divided by x?
10
Let h(n) = 50*n**3 - n**2 + 2*n - 1. Suppose 0*q - 2*q = -3*b + 3, 0 = 2*q. Calculate the remainder when h(b) is divided by 18.
14
Let h be (-116)/6 - 3/(-9). Let u = h + 41. What is the remainder when u is divided by 12?
10
Let d(t) = 2*t**2 + t - 17. Let w(c) = -c**3 + 4*c - 3. Let j be w(2). What is the remainder when d(5) is divided by (26/3)/((-2)/j)?
12
Let d(t) = -t**3 - 5*t**2 + 5. Let z = 4 + 0. Suppose -z*m - 11 - 9 = 0. Calculate the remainder when d(m) is divided by 2.
1
Let a = -5 + 10. Suppose -9*o + 220 = -a*o. Suppose 0 = 5*p - o - 5. Calculate the remainder when 34 is divided by p.
10
Let f be (-12)/(-16) - 742/8. Calculate the remainder when f/(-4)*(-2 + 3) is divided by (6/(-9))/((-1)/18).
11
Suppose -11 = -3*n + 2*n. Suppose -x = -2*x + 21. What is the remainder when x is divided by n?
10
Suppose 0 = 4*o + 5*h - 2*h + 4, 4*h = -3*o - 3. Let g = 2 + o. What is the remainder when (2 - 7/g)/(-1) is divided by 3?
2
Suppose 29*i - 11*i - 144 = 0. Calculate the remainder when 133 is divided by i.
5
Let o = 9 - -11. What is the remainder when 178 is divided by o?
18
Suppose -2*u + 7*u = -s + 94, 2*s + 82 = 5*u. What is the remainder when 35 is divided by u?
17
Suppose 2*h + 12 = 6*h. Suppose -l - 4*l - h*p + 23 = 0, -2*l + 10 = p. Calculate the remainder when 12 is divided by l.
5
Let v(f) = f**3 + 8*f**2 - 8*f + 11. Let y be v(-9). Let g = -3 - -6. What is the remainder when (-2)/((-9)/(-6) - y) is divided by g?
1
Let f(q) = q**2 - 16*q + 19. What is the remainder when 14 is divided by f(15)?
2
Let f = -291 + 416. Calculate the remainder when f is divided by 42.
41
Let q = 135 - 95. Let u = 30 - 16. Calculate the remainder when q is divided by u.
12
Let v = -1 - -32. What is the remainder when v is divided by 16?
15
Let h be (1 + -1)/3 + -6. Let x be (-86)/6 + h/9. Let b = -7 - x. Calculate the remainder when b is divided by 3.
2
Let t(k) = 8*k + 17. What is the remainder when t(7) is divided by 20?
13
Let t(p) = -p + 10. Suppose -4*s + 3*s = 10. Calculate the remainder when t(s) is divided by 7.
6
Suppose -x - 5*i + 46 = 0, -2*x + 14 = -i - 23. Let j(y) = -y + 40. What is the remainder when j(0) is divided by x?
19
Let j(x) = x**3 + 5*x**2 - 3*x - 7. Let u be j(-5). Let z = -4 + u. Calculate the remainder when z is divided by 2.
0
Suppose -6*n - 2*t + 9 = -n, 0 = -5*n + 4*t + 27. Suppose n*f = f + 26. Suppose -y + 14 = -10. Calculate the remainder when y is divided by f.
11
Let a(n) = n**2. Let r be a(-2). Suppose r*p - g - 108 - 27 = 0, -4*g = 2*p - 90. What is the remainder when p is divided by 12?
11
Let h = 31 + -17. What is the remainder when 55 is divided by h?
13
Let h(y) = y**2 - 5*y + 6. Calculate the remainder when 9 is divided by h(5).
3
Let d be -2*2/(-4)*3. Suppose -3*u + 30 = 5*t - 2*t, d*t - 6 = 3*u. Let c = -1 + 11. Calculate the remainder when c is divided by t.
4
Suppose 5*d - 300 - 145 = -5*b, -5*b - d = -429. Calculate the remainder when b is divided by 22.
19
Let i(p) = 4*p**2. Let j be i(1). Let x = -3 + 5. Calculate the remainder when (-8)/j*(-5)/2 is divided by x.
1
Suppose -12 = 5*s - 207. What is the remainder when s is divided by 20?
19
Let b = 129 + -105. What is the remainder when b is divided by 15?
9
Suppose -2 + 0 = -2*l. Let t(y) = -2*y. Let j be t(l). Calculate the remainder when (1/j)/((-1)/38) is divided by 10.
9
Let o(f) = -f**3 - 12*f**2 - 12*f - 8. Let w be o(-11). Suppose -w*p - 296 = -7*p. What is the remainder when p is divided by 19?
17
Calculate the remainder when 39 is divided by 3*4/(-12) - 1*-8.
4
Let n(z) = -12*z**2 + 5*z - 4. Let j be n(2). Let f = -20 - j. What is the remainder when 43 is divided by f?
21
Suppose 19 + 9 = 4*h. Let r(b) = 71*b + 20. Let f(y) = 24*y + 7. Let l(d) = -17*f(d) + 6*r(d). Calculate the remainder when l(1) is divided by h.
5
Let d be (-2)/(-2) - (-3)/3. Suppose -4*f + 114 = d. Calculate the remainder when f is divided by 15.
13
Let m = 180 + -155. What is the remainder when m is divided by 9?
7
Let x be (368/40)/(1/(-5)). Let f = x - -93. Calculate the remainder when f is divided by 12.
11
Let z(q) = q**3 - 17*q**2 + 17*q - 9. Calculate the remainder when z(16) is divided by 4.
3
Suppose 0*p - p - 1 = 0. Let c be 0/(p + 0 + 0). Suppose -2*a = 10, 4*j - 4*a - 50 - 30 = c. What is the remainder when 29 is divided by j?
14
Suppose 43 + 29 = 6*w. Let l(j) = j**3 + 2*j**2 - j + 4. Let d be l(-3). Calculate the remainder when w is divided by d/(-6)*(-1 + 22).
5
Suppose 0 = 5*t - 0*t + 120. Let p = 55 + t. Calculate the remainder when p is divided by 2 - 1 - (5 + -20).
15
Let a be -1 - (-2)/1 - -5. Suppose -8 = -a*y + 2*y. What is the remainder when y is divided by 50/175 - (-12)/7?
0
Let o = 9 - -2. Suppose o - 31 = -5*l. Suppose v - 135 = -l*v. Calculate the remainder when v is divided by 10.
7
Let t(b) = -b**3 - 10*b**2 - 16*b + 7. What is the remainder when 47 is divided by t(-8)?
5
Let n = -3 - -5. Let d(t) = -t**2 + 3*t - 1. Let b be d(n). Calculate the remainder when 18 is divided by (10/(-3))/(b/(-3)).
8
Let t(a) = -a + 19. Calculate the remainder when (-9)/9 + 62/2 is divided by t(8).
8
Suppose 2*j - 2*f - 12 = 0, -6*j + 4*f + 31 = -j. What is the remainder when 45 is divided by j?
3
Calculate the remainder when -1 + (2 - 95)/(-1) is divided by 25.
17
Let d = -3 + 48. What is the remainder when 133 is divided by d?
43
Let j(b) = -b**2 + 5*b. Suppose -102 = -5*q + 18. Suppose -5*a = -4*i + q, 0 = 2*i + 4*a - 11 - 27. Calculate the remainder when i is divided by j(3).
5
Suppose -t - 5*s - 13 = -0*t, -35 = -5*t - 5*s. Let y = 15 - t. Calculate the remainder when 4 is divided by y.
1
Let b(n) = n**2 - 7*n - 5. Let v(l) = l**2 + 5*l - 6. Let w be v(-7). Let r be b(w). What is the remainder when 2 is divided by r*1/3 - 0?
0
Let d(b) = -b**2 - 7*b + 5. Suppose -5 = -2*v + 3*v. What is the remainder when 28 is divided by d(v)?
13
Let a = 85 - 83. What is the remainder when 8 is divided by a?
0
Let y = 6 - 6. Suppose y = 3*l - 12, 0*d - d - l + 6 = 0. Let f = 1 + d. Calculate the remainder when 8 is divided by f.
2
Suppose 7*q - 6*q = 3. Calculate the remainder when 9 is divided by q.
0
What is the remainder when 81 is divided by 107/5 - 30/75?
18
Suppose 8*u = u + 665. Calculate the remainder when u is divided by 32.
31
Let x be ((-3 - -1) + 2)/1. Suppose n + n - 66 = x. Suppose m - n = -4*w, 2*w = 3*w - 3*m + 8. What is the remainder when 20 is divided by w?
6
Let a = 9 + -6. Suppose 7 = t - 2*x, 1 + 12 = a*t + 2*x. What is the remainder when 19 is divided by t?
4
Suppose -2*a + 0*a + 18 = 0. Let s = a - -20. What is the remainder when s is divided by 8?
5
Suppose -d = -5*r - 3*d + 85, -4*d = 3*r - 37. Calculate the remainder when 37 is divided by r.
18
Suppose 0 = -2*v + 5*d + 30, 2*d + 2 = -6. Suppose -v = -r + 2*f + 5, -r - 3*f = 0. Calculate the remainder when (-1)/(-1 - 16/(-17)) is divided by r.
5
Let w(b) = 4*b - 2. Let p(a) = a**2 + 6*a + 5. Let f be p(-6). What is the remainder when 34 is divided by w(f)?
16
Let c(q) = q**2 - 3*q - 4. Suppose 2*t + 6 = -0*t - 2*u, 0 = -4*u + 4. Calculate the remainder when 95 is divided by c(t).
23
Suppose 3*f